3/12. Let j(f) = f**2 + 19*f + 45. Calculate j(b).
-3
Let d(u) be the third derivative of u**5/60 - u**4/24 + 4*u**3/3 - 100*u**2. Suppose 3*q = -4*q + 2*q. Calculate d(q).
8
Let h(f) = -3002 + f + 2986 - 5*f + f. What is h(1)?
-19
Let v(q) = 578*q + 2883. Let j be v(-5). Let k(r) = 4*r + 25. What is k(j)?
-3
Let f(w) be the first derivative of -w**3/3 - 3*w**2/2 + 2*w + 170. What is f(-3)?
2
Suppose -5*y + 5 = -5. Suppose -3*k - 13 - y = 3*v, 0 = 4*k + v + 20. Let h(b) be the first derivative of -b**3/3 - 7*b**2/2 - 7*b - 16. What is h(k)?
3
Let n(s) be the first derivative of 1/6*s**4 + 1/360*s**6 - s**3 + 0*s - 5 + 1/15*s**5 + 0*s**2. Let k(f) be the third derivative of n(f). Determine k(-3).
-11
Let m(x) = -28*x - 46. Let k(n) = -74*n - 135. Let y(a) = 3*k(a) - 8*m(a). Calculate y(16).
-5
Let z(p) = -5*p**3 + 15*p**2 - 30*p + 11. Let y(a) = 16*a**3 - 49*a**2 + 97*a - 32. Let f(q) = 6*y(q) + 19*z(q). Calculate f(5).
-23
Let g = 383 - 383. Let r(a) = -a + g*a - 353 + 365. What is r(10)?
2
Let v(n) be the third derivative of -n**6/120 - 8*n**5/15 + 6*n**4 + 2*n**3/3 + 2741*n**2. Determine v(-36).
4
Let t(v) be the first derivative of v**6/360 + v**5/120 + 5*v**4/24 - 164*v**3/3 - 212. Let b(u) be the third derivative of t(u). Calculate b(-3).
11
Let r = 197 + -194. Suppose 0 = r*z - 265 + 280. Let o(u) = -u**2 - 2*u - 6. What is o(z)?
-21
Let l be -3 + -1 + 43 + -36. Suppose -3*g + 3*u = -9, -2*g + u + 2*u = -7. Let k(r) = 3*r + 0*r**2 - g*r**2 + 2*r + 4 - 7. Calculate k(l).
-6
Let g(x) = x**3 - 37*x**2 - 69*x - 2. Let r(c) = -c**3 + 38*c**2 + 68*c + 5. Let a(n) = 4*g(n) + 3*r(n). Calculate a(36).
7
Let t = 65 + -53. Let i(q) = 3*q - 42. Let k be i(t). Let p be (30/25)/(k/15). Let g(u) = -u + 4. Give g(p).
7
Let g(m) be the second derivative of -m**4/12 + m**3 - 5*m**2/2 - 681*m - 2. Calculate g(6).
-5
Let c(a) = 3 + a - 1 + 2. Let t(z) = 5*z - 48. Let s be t(10). Suppose 0 = s*m - 37 + 29. Determine c(m).
8
Suppose 89*q + 136 + 254 = -41*q. Let l(h) = -h**3 + 8*h - 4. Give l(q).
-1
Suppose -10*s = -15*s - 3*o + 786, 2*s + o = 314. Let r = 150 - s. Let g(i) be the first derivative of i**4/4 + 7*i**3/3 + 9*i**2/2 + 9*i - 1. Determine g(r).
-9
Suppose 48*v = 270 - 30. Let y(l) = -2 - 3 + 2*l + v. Calculate y(1).
2
Let s(i) = -200 - 210 - 10*i + 442. What is s(4)?
-8
Let d(z) = -z**3 - 1949 - z**2 - 2*z - 1935 + 3890. What is d(2)?
-10
Let t(r) = r**2 + 7*r - 5. Suppose 0 = -4*u - 5*m - 32, 100*u = 97*u - 5*m - 24. What is t(u)?
3
Suppose 4*t - 8 = 4*l, 4*t + 0*t = -3*l + 8. Suppose -t*c = f + 4*f + 80, 120 = -3*c - 4*f. Let z be ((-100)/c)/(2/(-4)). Let s(k) = -k**2 - 9*k - 4. Give s(z).
16
Let a(n) = n**3 - 6*n**2 - 5*n - 10. Let b(t) be the first derivative of t**4/4 - t**3 - 3*t**2 + 15*t + 36. Let k be b(4). Calculate a(k).
4
Let u(v) be the first derivative of -v**2/2 + 7*v - 13. Let p be u(5). Suppose -12*w - 70 = -p*w. Let t(g) = g + 3. Give t(w).
-4
Let d(m) = m**2 - 2*m + 1. Let g(n) = 2 - 17*n**2 - 5 + 0 + 2 + 3*n. Let x be g(2). Let i = 68 + x. Determine d(i).
16
Let h(l) = -l**3 + 5*l**2 - 4*l + 1. Suppose 0 = -n - 0*i + i - 675, 2*n = 4*i - 1348. Let c = n + 679. What is h(c)?
7
Let q(a) be the first derivative of -a**4/4 - 4*a**3/3 - a**2/2 + a - 1122. Determine q(-4).
5
Let h be (-3 - (-60)/(-36))/((-2)/1). Let v(t) be the first derivative of -7*t - 16 + h*t**3 - 3/2*t**2 - 1/4*t**4. Determine v(6).
11
Let x(z) = -2*z - 27. Let p be -3*23/((-207)/27). What is x(p)?
-45
Let l(c) = 7*c - 35. Suppose -42*k + 38*k = 4*y, -5*k - 6 = 4*y. What is l(y)?
7
Let p(z) = 3*z - 14. Let w(h) = -h + 1. Let q(x) = p(x) + 2*w(x). Suppose -8*b + 13659 - 12831 = 84*b. Give q(b).
-3
Suppose -3*y = -9*y + 36. Suppose 3 = 3*m - 2*b - 13, 2*m + b = y. Suppose 5*a = h + m*h - 20, -3*h + 2*a + 12 = 0. Let v(n) = -4*n + 1. Calculate v(h).
-15
Let s(q) = 8*q**2 - 568 + 1133 + 2*q**2 - q**3 + 27*q - 577 - 2*q. What is s(12)?
0
Let r(z) = -2*z**2 + 13*z - 1. Let t(x) = -12*x**2 + 69*x - 4. Let w(s) = 11*r(s) - 2*t(s). Determine w(-4).
9
Let u(x) = x**2 - 6*x - 3. Let q be 22*((-1)/(-4) - 35/28). Let j be (-150)/q + (-62)/(-341). Determine u(j).
4
Suppose -3*v + 32 = -4*l, -11*v + 15*v + 9 = -5*l. Let x(f) be the third derivative of -f**5/60 - 5*f**4/24 + f**3/3 + 48*f**2. What is x(l)?
2
Let t be (-1 + 0)*(6 + -6 + 1). Let n(k) = 13*k + 3. What is n(t)?
-10
Let i(w) = -2*w**2 - w - 3. Suppose 2*f - 87 = -t + 229, 4 = -2*f. Let a = t - 317. Give i(a).
-24
Let l(o) = -2*o**2 + 2*o + 1. Let a be 32/6 - (-26)/39. Let w(m) = m**3 - 7*m**2 + 6*m + 5. Let g be w(a). Suppose -g*r = 6*r + 11. Calculate l(r).
-3
Let p(v) be the second derivative of v**3/6 + v**2/2 - 2288*v. Calculate p(-2).
-1
Let o(q) be the third derivative of q**4/24 - 15*q**3/2 - 2*q**2 + 325*q. Determine o(13).
-32
Let t(f) be the third derivative of -f**6/120 + f**5/10 - f**4/8 + 2*f**2 + 229. Let p(u) = -u + 8. Let r be p(7). Let z = r + 1. What is t(z)?
10
Let v(g) = g + 7. Let a(f) = -12*f - 5. Let i(d) = a(d) + v(d). What is i(1)?
-9
Let s(p) = 12*p - 171. Let x be s(15). Let o(f) be the first derivative of f**3/3 - 9*f**2/2 + f - 7. Determine o(x).
1
Suppose 2*x + 43*t - 2 = 41*t, -x - 2*t + 1 = 0. Let v(u) = -13*u + 6. What is v(x)?
-7
Let m(w) = w**2 - 1. Let l = 11 - 7. Let d(j) = 0*j**3 - j**3 - 1 - j**2 + 3*j**2 + 2*j**3 - l*j. Let k(n) = d(n) - 6*m(n). Calculate k(4).
-11
Suppose 4*f = 5*j + 42, 160*f - 161*f + 4*j + 16 = 0. Let u(n) = -n**2 + 30*n - 167. Determine u(f).
9
Let x(n) = 2*n. Let g(h) = h**2 - 22*h + 31. Let i be g(16). Let v = -63 - i. Let r(o) = o**2 - 3*o - 1. Let s be r(v). What is x(s)?
-6
Suppose -2*h = -0*h + 28. Let x be -5*((-3)/3 + h/(-10)). Let y(t) = 6*t + 2. Let r(z) = 5*z + 2. Let a(p) = x*r(p) + 3*y(p). Give a(-2).
-14
Suppose 4*r = 22 - 14. Let v(x) = 157*x - x**3 - 161*x - 4*x**r + 10*x**2. Calculate v(5).
5
Let f(a) = -12*a - 50. Let w be f(-5). Suppose 7*s - 9*s + w = 0. Suppose 4*z - s*z = 0. Let v(k) = k**3 + k**2 + k + 2. Determine v(z).
2
Let y(u) be the first derivative of u**2 + 19*u + 48794. Let b = -17 + 9. Give y(b).
3
Let p(h) = -3*h**2 + 1. Let o(s) = 4*s**2 - 1. Let a(l) = 2*o(l) + 3*p(l). Suppose -15*b = 326 - 281. What is a(b)?
-8
Let i(v) = -v**2 - 8*v - 7. Let x(r) = r**3 - r**2 + 5. Let p be (-4)/(-4)*(2 - 4). Let t be x(p). Give i(t).
0
Let t be (156/(-18) + 6)*(-3 + (-3)/(-4)). Let d(n) = 1. Let j(b) = b**2 - 8*b + 6. Let a(f) = -6*d(f) + j(f). Calculate a(t).
-12
Let c(l) = 28 + 10082*l - 20144*l + 10080*l. Determine c(-4).
-44
Let d(y) = -y**2 - 3*y - 1. Let x be d(-4). Let w = 1 + x. Let z(q) = 2*q**2 - q + 4. Let i(g) = -7*g**2 - g - 7. Let u(b) = i(b) + 3*z(b). Determine u(w).
5
Let k(v) = v**3 - 4*v**2 + 3*v - 9. Let n be k(3). Let c = -6 - n. Let w(p) = 434*p - 423*p + 10 - p**2 - c. Determine w(12).
-5
Let q(u) = 11*u**3 - 1 - 15 - 17*u**2 - 7*u**3 - 8*u**3 + 3*u**3 - 44*u. Determine q(-14).
12
Let a = 779 - 1190. Let o = a - -411. Let f(y) = -5*y**3 + 5*y**2 + 126. Let k(n) = n**3 - n**2 - 25. Let j(s) = 2*f(s) + 11*k(s). What is j(o)?
-23
Suppose -26*l + 217 = -33*l. Let g = l + 36. Let w(v) = 1 + v - v - 2 + 4*v. Calculate w(g).
19
Let d(a) be the first derivative of a**2 - 3*a + 282. What is d(-8)?
-19
Let n(g) = -g**3 - 9*g**2 - 19*g. Let h be n(-4). Let t(i) = 20*i - 11. Let j(z) = -26*z + 10. Let d(u) = h*j(u) - 5*t(u). Determine d(-6).
-9
Let d = 134 - 86. Suppose 2*h = 5*t - d + 8, 0 = -h. Let q be (3*(-2)/8)/((-3)/t). Let a(x) = -2*x**3 - x**2 + x. Give a(q).
-18
Let c(w) = -w**2 - 4*w + 16. Suppose 0 = -2*p - 2*d, 10 = -5*p + 53*d - 56*d. What is c(p)?
11
Suppose -33*m = -31*m + 22. Let q = -11 - m. Suppose q = -3*l - j + 2, 0*j = l + 3*j - 14. Let f(b) = -b. Determine f(l).
1
Let l(i) = 14*i**3 + 11*i**2 - 37*i - 2. Let n(z) = 6*z**3 + 5*z**2 - 17*z - 1. Let d(w) = 5*l(w) - 11*n(w). Let a be (-4)/(-12) + (-16)/12. Calculate d(a).
-5
Let x be 21/(-15) - (-85)/25. Suppose -x*y - 6 = 0, 0 = -4*j + 3*y + 11 - 2. Let s(u) = -u**2 - u - 35. Determine s(j).
-35
Let k(r) be the first derivative of -2*r**4 + r**3/3 - r**2 - 3*r + 95. Give k(-1).
8
Let l(w) = -w**2 - w + 41. Let u(b) = -4*b - 22. Let n be u(7). Let a = -44 - n. Let i be l(a). Let p(f) = f**3 + 2*f**2 + f. Give p(i).
0
Let b(i) be the third derivative of